{"id":122,"date":"2020-06-25T15:21:35","date_gmt":"2020-06-25T18:21:35","guid":{"rendered":"https:\/\/sites.enf.ufmg.br\/internato-enfermagem-aps\/?page_id=122"},"modified":"2020-10-22T07:00:39","modified_gmt":"2020-10-22T10:00:39","slug":"dcnt-e-habitos-de-vida","status":"publish","type":"page","link":"https:\/\/sites.enf.ufmg.br\/internato-enfermagem-aps\/acervo-digital\/dcnt-e-habitos-de-vida\/","title":{"rendered":"DCNT e h\u00e1bitos de vida"},"content":{"rendered":"<div id=\"pl-122\"  class=\"panel-layout\" ><div id=\"pg-122-0\"  class=\"panel-grid panel-no-style\" ><div id=\"pgc-122-0-0\"  class=\"panel-grid-cell\" ><div id=\"panel-122-0-0-0\" class=\"so-panel widget widget_sow-editor panel-first-child panel-last-child\" data-index=\"0\" ><div\n\t\t\t\n\t\t\tclass=\"so-widget-sow-editor so-widget-sow-editor-base\"\n\t\t\t\n\t\t>\n<div class=\"siteorigin-widget-tinymce textwidget\">\n\t<ul style=\"list-style-type: circle;\">\n<li><strong><span style=\"font-size: 12pt;\">Artigos Cient\u00edficos<\/span><\/strong><\/li>\n<\/ul>\n<div><span style=\"font-size: 12pt;\">A import\u00e2ncia da gest\u00e3o correta da condi\u00e7\u00e3o cr\u00f4nica na Aten\u00e7\u00e3o\u00a0Prim\u00e1ria \u00e0 Sa\u00fade para o enfrentamento do Covid-19 em\u00a0Uberl\u00e2ndia, Minas Gerais, clique <a href=\"https:\/\/apsemrevista.org\/aps\/article\/view\/64\/47\" target=\"_blank\" rel=\"noopener\"><span style=\"color: #ff0000;\"><span style=\"text-decoration: underline;\">aqui<\/span>.<\/span><\/a><\/span><\/div>\n<div><\/div>\n<p><span style=\"font-size: 12pt;\">Nota T\u00e9cnica \u2013 Aten\u00e7\u00e3o a Pessoas com Doen\u00e7as Cr\u00f4nicas na APS Diante da Situa\u00e7\u00e3o de Pandemia de COVID-19 (Coronav\u00edrus), clique <a href=\"file:\/\/\/C:\/Users\/user\/Downloads\/04091032-nt-atencao-as-pessoas-com-doencas-cronicas-na-aps.pdf\" target=\"_blank\" rel=\"noopener\"><span style=\"text-decoration: underline;\"><span style=\"color: #ff0000; text-decoration: underline;\">aqui.<\/span><\/span><\/a><\/span><\/p>\n<ul style=\"list-style-type: circle;\">\n<li><strong><span style=\"font-size: 12pt;\">Documento disponibilizado pelo Instituto Nacional de C\u00e2ncer (INCA)<\/span><\/strong><\/li>\n<\/ul>\n<p><span style=\"font-size: 12pt;\">Nota T\u00e9cnica - Dia Mundial sem Tabaco 2020: Tabagismo e Coronav\u00edrus (COVID-19), acesse <a href=\"https:\/\/www.inca.gov.br\/sites\/ufu.sti.inca.local\/files\/\/media\/document\/\/nota-tecnica-dia-mundial-sem-tabaco-2020-tabagismo-e-coronavirus-covid-19_2.pdf\" target=\"_blank\" rel=\"noopener\"><span style=\"text-decoration: underline;\"><span style=\"color: #ff0000; text-decoration: underline;\">aqui<\/span><\/span><\/a><span style=\"color: #ff0000;\">.\u00a0<\/span><\/span><\/p>\n<ul style=\"list-style-type: circle;\">\n<li><strong><span style=\"font-size: 12pt;\">Documento disponibilizado pela Sociedade Brasileira de Diabetes (SBD)<\/span><\/strong><\/li>\n<\/ul>\n<p><span style=\"font-size: 12pt;\">Autocuidado e Diabetes em tempos de COVID-19, acesse <a href=\"https:\/\/drive.google.com\/file\/d\/1QzCxcV3icARLyj2IPgiARnnBuxw96kE0\/view\" target=\"_blank\" rel=\"noopener\"><span style=\"text-decoration: underline;\"><span style=\"color: #ff0000; text-decoration: underline;\">aqui<\/span><\/span><\/a>.\u00a0<\/span><\/p>\n<ul style=\"list-style-type: circle;\">\n<li><strong><span style=\"font-size: 12pt;\">Documento disponibilizado pela Secretaria de Estado da Sa\u00fade de Santa Catarina<\/span><\/strong><\/li>\n<\/ul>\n<p><span style=\"font-size: 12pt;\">Nota T\u00e9cnica n\u00ba 9\/2020 \u2013 Orienta\u00e7\u00f5es para Pacientes com Doen\u00e7as Cr\u00f4nicas n\u00e3o Transmiss\u00edveis e Idosos, clique <span style=\"text-decoration: underline;\"><span style=\"color: #ff0000; text-decoration: underline;\">aqui.<\/span><\/span>\u00a0<\/span><\/p>\n<p>&nbsp;<\/p>\n<\/div>\n<\/div><\/div><\/div><\/div><\/div>","protected":false},"excerpt":{"rendered":"<p>Artigos Cient\u00edficos A import\u00e2ncia da gest\u00e3o correta da condi\u00e7\u00e3o cr\u00f4nica na Aten\u00e7\u00e3o\u00a0Prim\u00e1ria \u00e0 Sa\u00fade para o enfrentamento do Covid-19 em\u00a0Uberl\u00e2ndia, Minas Gerais, clique aqui. Nota T\u00e9cnica \u2013 Aten\u00e7\u00e3o a Pessoas com Doen\u00e7as Cr\u00f4nicas na APS Diante da Situa\u00e7\u00e3o de Pandemia de COVID-19 (Coronav\u00edrus), clique aqui. Documento disponibilizado pelo Instituto Nacional de C\u00e2ncer (INCA) Nota T\u00e9cnica [&hellip;]<\/p>\n","protected":false},"author":1,"featured_media":0,"parent":113,"menu_order":0,"comment_status":"closed","ping_status":"closed","template":"","meta":{"footnotes":""},"jetpack_sharing_enabled":true,"_links":{"self":[{"href":"https:\/\/sites.enf.ufmg.br\/internato-enfermagem-aps\/wp-json\/wp\/v2\/pages\/122"}],"collection":[{"href":"https:\/\/sites.enf.ufmg.br\/internato-enfermagem-aps\/wp-json\/wp\/v2\/pages"}],"about":[{"href":"https:\/\/sites.enf.ufmg.br\/internato-enfermagem-aps\/wp-json\/wp\/v2\/types\/page"}],"author":[{"embeddable":true,"href":"https:\/\/sites.enf.ufmg.br\/internato-enfermagem-aps\/wp-json\/wp\/v2\/users\/1"}],"replies":[{"embeddable":true,"href":"https:\/\/sites.enf.ufmg.br\/internato-enfermagem-aps\/wp-json\/wp\/v2\/comments?post=122"}],"version-history":[{"count":10,"href":"https:\/\/sites.enf.ufmg.br\/internato-enfermagem-aps\/wp-json\/wp\/v2\/pages\/122\/revisions"}],"predecessor-version":[{"id":962,"href":"https:\/\/sites.enf.ufmg.br\/internato-enfermagem-aps\/wp-json\/wp\/v2\/pages\/122\/revisions\/962"}],"up":[{"embeddable":true,"href":"https:\/\/sites.enf.ufmg.br\/internato-enfermagem-aps\/wp-json\/wp\/v2\/pages\/113"}],"wp:attachment":[{"href":"https:\/\/sites.enf.ufmg.br\/internato-enfermagem-aps\/wp-json\/wp\/v2\/media?parent=122"}],"curies":[{"name":"wp","href":"https:\/\/api.w.org\/{rel}","templated":true}]}}

DCNT e hábitos de vida

<div id="pl-122"  class="panel-layout" ><div id="pg-122-0"  class="panel-grid panel-no-style" ><div id="pgc-122-0-0"  class="panel-grid-cell" ><div id="panel-122-0-0-0" class="so-panel widget widget_sow-editor panel-first-child panel-last-child" data-index="0" ><div
			
			class="so-widget-sow-editor so-widget-sow-editor-base"
			
		>
<div class="siteorigin-widget-tinymce textwidget">
	<ul style="list-style-type: circle;">
<li><strong><span style="font-size: 12pt;">Artigos Científicos</span></strong></li>
</ul>
<div><span style="font-size: 12pt;">A importância da gestão correta da condição crônica na Atenção Primária à Saúde para o enfrentamento do Covid-19 em Uberlândia, Minas Gerais, clique <a href="https://apsemrevista.org/aps/article/view/64/47" target="_blank" rel="noopener"><span style="color: #ff0000;"><span style="text-decoration: underline;">aqui</span>.</span></a></span></div>
<div></div>
<p><span style="font-size: 12pt;">Nota Técnica – Atenção a Pessoas com Doenças Crônicas na APS Diante da Situação de Pandemia de COVID-19 (Coronavírus), clique <a href="file:///C:/Users/user/Downloads/04091032-nt-atencao-as-pessoas-com-doencas-cronicas-na-aps.pdf" target="_blank" rel="noopener"><span style="text-decoration: underline;"><span style="color: #ff0000; text-decoration: underline;">aqui.</span></span></a></span></p>
<ul style="list-style-type: circle;">
<li><strong><span style="font-size: 12pt;">Documento disponibilizado pelo Instituto Nacional de Câncer (INCA)</span></strong></li>
</ul>
<p><span style="font-size: 12pt;">Nota Técnica - Dia Mundial sem Tabaco 2020: Tabagismo e Coronavírus (COVID-19), acesse <a href="https://www.inca.gov.br/sites/ufu.sti.inca.local/files//media/document//nota-tecnica-dia-mundial-sem-tabaco-2020-tabagismo-e-coronavirus-covid-19_2.pdf" target="_blank" rel="noopener"><span style="text-decoration: underline;"><span style="color: #ff0000; text-decoration: underline;">aqui</span></span></a><span style="color: #ff0000;">. </span></span></p>
<ul style="list-style-type: circle;">
<li><strong><span style="font-size: 12pt;">Documento disponibilizado pela Sociedade Brasileira de Diabetes (SBD)</span></strong></li>
</ul>
<p><span style="font-size: 12pt;">Autocuidado e Diabetes em tempos de COVID-19, acesse <a href="https://drive.google.com/file/d/1QzCxcV3icARLyj2IPgiARnnBuxw96kE0/view" target="_blank" rel="noopener"><span style="text-decoration: underline;"><span style="color: #ff0000; text-decoration: underline;">aqui</span></span></a>. </span></p>
<ul style="list-style-type: circle;">
<li><strong><span style="font-size: 12pt;">Documento disponibilizado pela Secretaria de Estado da Saúde de Santa Catarina</span></strong></li>
</ul>
<p><span style="font-size: 12pt;">Nota Técnica nº 9/2020 – Orientações para Pacientes com Doenças Crônicas não Transmissíveis e Idosos, clique <span style="text-decoration: underline;"><span style="color: #ff0000; text-decoration: underline;">aqui.</span></span> </span></p>
<p>&nbsp;</p>
</div>
</div></div></div></div></div>

<p>Artigos Científicos A importância da gestão correta da condição crônica na Atenção Primária à Saúde para o enfrentamento do Covid-19 em Uberlândia, Minas Gerais, clique aqui. Nota Técnica – Atenção a Pessoas com Doenças Crônicas na APS Diante da Situação de Pandemia de COVID-19 (Coronavírus), clique aqui. Documento disponibilizado pelo Instituto Nacional de Câncer (INCA) Nota Técnica [&hellip;]</p>
