{"id":132,"date":"2020-06-25T15:24:36","date_gmt":"2020-06-25T18:24:36","guid":{"rendered":"https:\/\/sites.enf.ufmg.br\/internato-enfermagem-aps\/?page_id=132"},"modified":"2021-03-15T15:46:40","modified_gmt":"2021-03-15T18:46:40","slug":"saude-do-trabalhador","status":"publish","type":"page","link":"https:\/\/sites.enf.ufmg.br\/internato-enfermagem-aps\/acervo-digital\/saude-do-trabalhador\/","title":{"rendered":"Sa\u00fade do Trabalhador"},"content":{"rendered":"<div id=\"pl-132\"  class=\"panel-layout\" ><div id=\"pg-132-0\"  class=\"panel-grid panel-no-style\" ><div id=\"pgc-132-0-0\"  class=\"panel-grid-cell\" ><div id=\"panel-132-0-0-0\" class=\"so-panel widget widget_sow-editor panel-first-child panel-last-child\" data-index=\"0\" ><div\n\t\t\t\n\t\t\tclass=\"so-widget-sow-editor so-widget-sow-editor-base\"\n\t\t\t\n\t\t>\n<div class=\"siteorigin-widget-tinymce textwidget\">\n\t<p><strong><span style=\"color: #808080; font-size: 12pt;\"><span style=\"font-size: 12pt;\">Projeto TelePsi: <\/span><\/span><\/strong><span style=\"color: #808080; font-size: 12pt;\"><span style=\"font-size: 12pt;\">Aten\u00e7\u00e3o em Sa\u00fade Mental por Teleatendimento para Profissionais de Servi\u00e7os Essenciais e Professores no Contexto da Infec\u00e7\u00e3o SARS-CoV-2. Caso deseje receber atendimento, acesse o formul\u00e1rio de inscri\u00e7\u00e3o <\/span><\/span><span style=\"color: #ff0000;\"><span style=\"font-size: 12pt;\"><span style=\"font-size: 12pt;\"><a style=\"color: #ff0000;\" href=\"https:\/\/docs.google.com\/forms\/d\/e\/1FAIpQLSeRIdw1uMCD2twGU6_yZEGDHXRlmfQqIn1mpmVPZov5WS6QdQ\/viewform\" target=\"_blank\" rel=\"noopener\"><span style=\"text-decoration: underline;\">aqui.<\/span><\/a><\/span><\/span><\/span><\/p>\n<ul style=\"list-style-type: circle;\">\n<li><strong><span style=\"color: #808080; font-size: 12pt;\">Documento disponibilizado pelo\u00a0<strong style=\"font-family: 'Open Sans', sans-serif; font-size: 14px; font-style: normal; color: #666666;\"><span style=\"color: #808080; font-size: 12pt;\">Hospital das Cl\u00ednicas da <\/span><\/strong>Universidade Federal de Pernambuco (UFPE)<br \/>\n<\/span><\/strong><\/li>\n<\/ul>\n<p><span style=\"font-size: 12pt;\">Manual de Vigil\u00e2ncia em Sa\u00fade, Biosseguran\u00e7a, Preven\u00e7\u00e3o e Controle das Infec\u00e7\u00f5es Relacionadas \u00e0 Assist\u00eancia \u00e0 Sa\u00fade no Enfrentamento da COVID-19, acesse <a href=\"file:\/\/\/C:\/Users\/user\/Downloads\/MANUAL%20Vigilancia%20em%20Saude%20COVID%2019_%20SGQVS%20HC%20UFPE%20vers%C3%A3o%201.pdf%20(1).pdf\" target=\"_blank\" rel=\"noopener\"><span style=\"color: #ff0000;\"><span style=\"text-decoration: underline;\">aqui<\/span>.<\/span><\/a><\/span><\/p>\n<ul style=\"list-style-type: circle;\">\n<li><strong><span style=\"color: #808080; font-size: 12pt;\">Documentos disponibilizados pelo Conselho Federal de Enfermagem (COFEN) e Conselhos Regionais de Enfermagem (COREN)<\/span><\/strong><\/li>\n<\/ul>\n<p><span style=\"font-size: 12pt;\">Nota T\u00e9cnica COREN-MG n\u00ba 11: Recomenda\u00e7\u00f5es quanto a realiza\u00e7\u00e3o de testes <\/span><span style=\"font-size: 12pt;\">diagn\u00f3sticos para Covid-19 aos profissionais de <\/span><span style=\"font-size: 12pt;\">Enfermagem, clique <a href=\"https:\/\/www.corenmg.gov.br\/wp-content\/uploads\/2020\/04\/Nota-Te%CC%81cnica-11-Testagem-20203.pdf\" target=\"_blank\" rel=\"noopener\"><span style=\"color: #ff0000;\"><span style=\"text-decoration: underline;\">aqui<\/span>.<\/span><\/a><\/span><\/p>\n<p><span style=\"font-size: 12pt;\">Nota T\u00e9cnica COFEN - Uso de EPI em \u00e1reas cr\u00edticas, clique <\/span><a href=\"http:\/\/www.cofen.gov.br\/wp-content\/uploads\/2020\/05\/NOTA_TECNICA-COFEN.pdf\" target=\"_blank\" rel=\"noopener\"><span style=\"color: #ff0000;\"><span style=\"text-decoration: underline; font-size: 12pt;\">aqui<\/span>.<\/span><\/a><\/p>\n<p><span style=\"font-size: 12pt;\">Manual de Perguntas e Respostas Frequentes: COVID-19 (atualizado em 25 de setembro de 2020), clique <a href=\"file:\/\/\/C:\/Users\/user\/Downloads\/Coren-MG%20Perguntas%20e%20respostas%20versa%CC%83o%2016%20_25_09_2020%20(1).pdf\" target=\"_blank\" rel=\"noopener\"><span style=\"color: #ff0000;\"><span style=\"text-decoration: underline;\">aqui<\/span>.<\/span><\/a><\/span><\/p>\n<p><span style=\"color: #808080; font-size: 12pt;\">Observat\u00f3rio da Enfermagem. Site onde o Conselho Federal de Enfermagem Disponibiliza uma An\u00e1lise Epidemiol\u00f3gica da COVID-19 entre os Profissionais da Categoria, acesse clicando<span style=\"color: #ff0000;\"> <a style=\"color: #ff0000;\" href=\"http:\/\/observatoriodaenfermagem.cofen.gov.br\/\" target=\"_blank\" rel=\"noopener\"><span style=\"text-decoration: underline;\">aqui<\/span><\/a>.\u00a0<\/span><\/span><\/p>\n<p><span style=\"color: #808080; font-size: 12pt;\">Orienta\u00e7\u00f5es sobre Coloca\u00e7\u00e3o e Retirada dos Equipamentos de Prote\u00e7\u00e3o Individual (EPIs), acesse clicando <span style=\"color: #ff0000;\"><a style=\"color: #ff0000;\" href=\"http:\/\/www.cofen.gov.br\/wp-content\/uploads\/2020\/03\/cartilha_epi.pdf\" target=\"_blank\" rel=\"noopener\"><span style=\"text-decoration: underline;\">aqui<\/span><\/a>.<\/span><\/span><\/p>\n<ul style=\"list-style-type: circle;\">\n<li><strong><span style=\"color: #808080; font-size: 12pt;\">Artigos Cient\u00edficos<\/span><\/strong><\/li>\n<\/ul>\n<p><span style=\"font-size: 12pt;\">Interven\u00e7\u00f5es em Sa\u00fade Mental para Profissionais de Sa\u00fade Frente a Pandemia de Coronav\u00edrus, clique <a href=\"file:\/\/\/C:\/Users\/user\/Downloads\/49923-174306-3-PB.pdf\" target=\"_blank\" rel=\"noopener\"><span style=\"color: #ff0000;\"><span style=\"text-decoration: underline;\">aqui<\/span>.<\/span><\/a><\/span><\/p>\n<p><span style=\"font-size: 12pt; color: #808080;\">Enfermeiros: de Desvalorizados a Protagonistas da Luta contra o Coronav\u00edrus, acesse <a href=\"http:\/\/www.coren-es.org.br\/wp-content\/uploads\/2020\/04\/ARTIGO-06.04.pdf-2.pdf\" target=\"_blank\" rel=\"noopener\"><span style=\"text-decoration: underline;\"><span style=\"color: #ff0000; text-decoration: underline;\">aqui<\/span><\/span><\/a>.\u00a0<\/span><\/p>\n<p><span style=\"font-size: 12pt;\">A Sa\u00fade do Trabalhador e o Enfrentamento da COVID-19, clique <a href=\"https:\/\/www.scielo.br\/pdf\/rbso\/v45\/2317-6369-rbso-45-e14.pdf\" target=\"_blank\" rel=\"noopener\"><span style=\"text-decoration: underline;\"><span style=\"color: #ff0000; text-decoration: underline;\">aqui.<\/span><\/span><\/a><\/span><\/p>\n<p><span style=\"font-size: 12pt;\">Fatores de Estresse nos Profissionais de Enfermagem no Combate \u00e0 Pandemia da COVID-19:\u00a0S\u00edntese de\u00a0Evid\u00eancias, clique <a href=\"http:\/\/www.escs.edu.br\/revistaccs\/index.php\/comunicacaoemcienciasdasaude\/article\/view\/651\/291\" target=\"_blank\" rel=\"noopener\"><span style=\"text-decoration: underline;\"><span style=\"color: #ff0000; text-decoration: underline;\">aqui<\/span><\/span><\/a>.<\/span><\/p>\n<ul style=\"list-style-type: circle;\">\n<li><strong style=\"font-size: 14px;\"><span style=\"color: #808080; font-size: 12pt;\">Documentos disponibilizados pela Prefeitura de Belo Horizonte - MG (PBH)<\/span><\/strong><\/li>\n<\/ul>\n<p style=\"text-align: justify;\"><span style=\"color: #808080; font-size: 12pt;\">Orienta\u00e7\u00f5es para Profissionais de Sa\u00fade: Sintom\u00e1ticos Respirat\u00f3rios ou Contatos Domiciliares de Pacientes Sintom\u00e1ticos, acesse clicando<span style=\"color: #ff0000;\"> <a style=\"color: #ff0000;\" href=\"https:\/\/prefeitura.pbh.gov.br\/sites\/default\/files\/estrutura-de-governo\/saude\/2020\/nota-tecnica-covid-19-n014_2020.pdf\" target=\"_blank\" rel=\"noopener\"><span style=\"text-decoration: underline;\">aqui<\/span><\/a>.<\/span>\u00a0<\/span><\/p>\n<p><span style=\"color: #808080; font-size: 12pt;\">Orienta\u00e7\u00f5es Sobre o Uso de Equipamentos de Prote\u00e7\u00e3o Individual (EPI) em Situa\u00e7\u00e3o de Surto\/Epidemia de S\u00edndrome Gripal e Infec\u00e7\u00e3o pelo SARS\u2013CoV-2, acesse clicando <span style=\"color: #ff0000;\"><a style=\"color: #ff0000;\" href=\"https:\/\/prefeitura.pbh.gov.br\/sites\/default\/files\/estrutura-de-governo\/saude\/2020\/nota-tecnica-covid-19-n019_2020_epi.pdf\" target=\"_blank\" rel=\"noopener\"><span style=\"text-decoration: underline;\">aqui<\/span><\/a>.<\/span>\u00a0<\/span><\/p>\n<ul style=\"list-style-type: circle;\">\n<li><strong><span style=\"color: #808080; font-size: 12pt;\">Documentos disponibilizados pelo Minist\u00e9rio da Sa\u00fade<\/span><\/strong><\/li>\n<\/ul>\n<p><span style=\"font-size: 12pt;\">Guia Pr\u00e1tico de Gest\u00e3o em Sa\u00fade no Trabalho para\u00a0COVID-19, clique <a href=\"http:\/\/antigo.saude.gov.br\/images\/pdf\/2020\/July\/20\/Guia-Pr--tico-de-Gest--o-em-Sa--de-no-Trabalho-para-COVID-19-20-07-20.pdf\" target=\"_blank\" rel=\"noopener\"><span style=\"color: #ff0000;\"><span style=\"text-decoration: underline;\">aqui<\/span>.<\/span><\/a><\/span><\/p>\n<p><span style=\"font-size: 12pt;\">Orienta\u00e7\u00f5es de Vigil\u00e2ncia Epidemiol\u00f3gica da COVID-19 Relacionada ao Trabalho, acesse <a href=\"http:\/\/www.ensp.fiocruz.br\/portal-ensp\/informe\/site\/arquivos\/anexos\/81ac535b03877a7c10f2d18156b5d6345729b063.PDF\" target=\"_blank\" rel=\"noopener\"><span style=\"text-decoration: underline;\"><span style=\"color: #ff0000; text-decoration: underline;\">aqui.<\/span><\/span><\/a><\/span><\/p>\n<p style=\"text-align: justify;\"><span style=\"color: #808080; font-size: 12pt;\">Recomenda\u00e7\u00f5es de Prote\u00e7\u00e3o aos Trabalhadores dos Servi\u00e7os de Sa\u00fade no Atendimento de COVID-19 e outras S\u00edndromes Gripais, clique <a href=\"http:\/\/renastonline.ensp.fiocruz.br\/sites\/default\/files\/arquivos\/recursos\/cgsat_-_recomendacoes_de_protecao_aos_trabalhadores_dos_servicos_de_saude_no_atendimento_de_covid-19.pdf\" target=\"_blank\" rel=\"noopener\"><span style=\"text-decoration: underline; color: #ff0000;\">aqui<\/span><\/a>.\u00a0<\/span><\/p>\n<p style=\"text-align: justify;\"><span style=\"color: #808080; font-size: 12pt;\">POP: Equipamento de Prote\u00e7\u00e3o Individual e Seguran\u00e7a no Trabalho para Profissionais de Sa\u00fade da APS no Atendimento \u00e0s Pessoas com Suspeita ou Infec\u00e7\u00e3o pelo Novo Coronav\u00edrus (Covid-19), acesse clicando <span style=\"color: #ff0000;\"><a style=\"color: #ff0000;\" href=\"https:\/\/www.saude.gov.br\/images\/pdf\/2020\/marco\/25\/POP-EPI-19-MAR-protoclos-novo-ver001.pdf\" target=\"_blank\" rel=\"noopener\"><span style=\"text-decoration: underline;\">aqui<\/span><\/a>.<\/span><\/span><\/p>\n<ul style=\"list-style-type: circle;\">\n<li><strong><span style=\"color: #808080; font-size: 12pt;\">Documento disponibilizado pela Associa\u00e7\u00e3o Brasileira de Estomaterapia (SOBEST)<\/span><\/strong><\/li>\n<\/ul>\n<p><span style=\"font-size: 12pt;\">Les\u00f5es de Pele Relacionadas ao Uso de Equipamentos de Prote\u00e7\u00e3o Individual em Profissionais de Sa\u00fade, acesse <a href=\"http:\/\/www.sobest.org.br\/arquivos\/LPRDM_COVID19_Manual_Vers__o_Portugues.reduzida_compressed.pdf\" target=\"_blank\" rel=\"noopener\"><span style=\"text-decoration: underline;\"><span style=\"color: #ff0000; text-decoration: underline;\">aqui.<\/span><\/span><\/a>\u00a0<\/span><\/p>\n<ul style=\"list-style-type: circle;\">\n<li><strong><span style=\"color: #808080; font-size: 12pt;\">Documentos disponibilizados pela Universidade Federal do Amazonas<\/span><\/strong><\/li>\n<\/ul>\n<p><span style=\"font-size: 12pt;\">Cuidado com a coluna na execu\u00e7\u00e3o do trabalho home office, acesse <a href=\"https:\/\/ufam.edu.br\/noticias-coronavirus\/1607-dsqv-divulga-vigesima-primeira-edicao-do-card-informativo-sobre-o-cuidado-com-a-coluna-durante-o-home-office.html\" target=\"_blank\" rel=\"noopener\"><span style=\"text-decoration: underline;\"><span style=\"color: #ff0000; text-decoration: underline;\">aqui<\/span><\/span>.<\/a>\u00a0<\/span><\/p>\n<p><span style=\"font-size: 12pt;\">Guia de Seguran\u00e7a para profissionais atuantes na aten\u00e7\u00e3o prim\u00e1ria \u00e0 sa\u00fade durante a pandemia de COVID-19, acesse <a href=\"https:\/\/edoc.ufam.edu.br\/bitstream\/123456789\/3197\/1\/Guia_Seguranca_Atencao_Primaria_a_Saude_UFAM_Maio_2020.pdf\" target=\"_blank\" rel=\"noopener\"><span style=\"text-decoration: underline;\"><span style=\"color: #ff0000; text-decoration: underline;\">aqui<\/span><\/span>.<\/a>\u00a0<\/span><\/p>\n<\/div>\n<\/div><\/div><\/div><\/div><\/div>","protected":false},"excerpt":{"rendered":"<p>Projeto TelePsi: Aten\u00e7\u00e3o em Sa\u00fade Mental por Teleatendimento para Profissionais de Servi\u00e7os Essenciais e Professores no Contexto da Infec\u00e7\u00e3o SARS-CoV-2. Caso deseje receber atendimento, acesse o formul\u00e1rio de inscri\u00e7\u00e3o aqui. Documento disponibilizado pelo\u00a0Hospital das Cl\u00ednicas da Universidade Federal de Pernambuco (UFPE) Manual de Vigil\u00e2ncia em Sa\u00fade, Biosseguran\u00e7a, Preven\u00e7\u00e3o e Controle das Infec\u00e7\u00f5es Relacionadas \u00e0 Assist\u00eancia [&hellip;]<\/p>\n","protected":false},"author":1,"featured_media":0,"parent":113,"menu_order":0,"comment_status":"closed","ping_status":"closed","template":"","meta":{"footnotes":""},"jetpack_sharing_enabled":true,"_links":{"self":[{"href":"https:\/\/sites.enf.ufmg.br\/internato-enfermagem-aps\/wp-json\/wp\/v2\/pages\/132"}],"collection":[{"href":"https:\/\/sites.enf.ufmg.br\/internato-enfermagem-aps\/wp-json\/wp\/v2\/pages"}],"about":[{"href":"https:\/\/sites.enf.ufmg.br\/internato-enfermagem-aps\/wp-json\/wp\/v2\/types\/page"}],"author":[{"embeddable":true,"href":"https:\/\/sites.enf.ufmg.br\/internato-enfermagem-aps\/wp-json\/wp\/v2\/users\/1"}],"replies":[{"embeddable":true,"href":"https:\/\/sites.enf.ufmg.br\/internato-enfermagem-aps\/wp-json\/wp\/v2\/comments?post=132"}],"version-history":[{"count":33,"href":"https:\/\/sites.enf.ufmg.br\/internato-enfermagem-aps\/wp-json\/wp\/v2\/pages\/132\/revisions"}],"predecessor-version":[{"id":1053,"href":"https:\/\/sites.enf.ufmg.br\/internato-enfermagem-aps\/wp-json\/wp\/v2\/pages\/132\/revisions\/1053"}],"up":[{"embeddable":true,"href":"https:\/\/sites.enf.ufmg.br\/internato-enfermagem-aps\/wp-json\/wp\/v2\/pages\/113"}],"wp:attachment":[{"href":"https:\/\/sites.enf.ufmg.br\/internato-enfermagem-aps\/wp-json\/wp\/v2\/media?parent=132"}],"curies":[{"name":"wp","href":"https:\/\/api.w.org\/{rel}","templated":true}]}}