{"id":134,"date":"2020-06-25T15:25:19","date_gmt":"2020-06-25T18:25:19","guid":{"rendered":"https:\/\/sites.enf.ufmg.br\/internato-enfermagem-aps\/?page_id=134"},"modified":"2021-03-15T14:56:56","modified_gmt":"2021-03-15T17:56:56","slug":"saude-materno-infantil","status":"publish","type":"page","link":"https:\/\/sites.enf.ufmg.br\/internato-enfermagem-aps\/acervo-digital\/saude-materno-infantil\/","title":{"rendered":"Sa\u00fade Materno Infantil"},"content":{"rendered":"<div id=\"pl-134\"  class=\"panel-layout\" ><div id=\"pg-134-0\"  class=\"panel-grid panel-no-style\" ><div id=\"pgc-134-0-0\"  class=\"panel-grid-cell\" ><div id=\"panel-134-0-0-0\" class=\"so-panel widget widget_sow-editor panel-first-child panel-last-child\" data-index=\"0\" ><div\n\t\t\t\n\t\t\tclass=\"so-widget-sow-editor so-widget-sow-editor-base\"\n\t\t\t\n\t\t>\n<div class=\"siteorigin-widget-tinymce textwidget\">\n\t<p style=\"text-align: justify;\"><span style=\"text-decoration: underline; color: #e67a18;\"><strong><span style=\"font-size: 12pt;\">Sa\u00fade da Mulher<\/span><\/strong><\/span><\/p>\n<ul style=\"list-style-type: circle;\">\n<li><span style=\"font-size: 12pt;\"><strong>Documento disponibilizado pela Universidade Federal do Maranh\u00e3o (UFMA)<\/strong><\/span><\/li>\n<\/ul>\n<p><span style=\"font-size: 12pt;\">COVID-19 e o ciclo grav\u00eddico-puerperal, clique <a href=\"https:\/\/repositorio.ufma.br\/jspui\/bitstream\/123456789\/978\/1\/Cartilha_Enfermagem_Luzin%c3%a9aFrias.pdf\" target=\"_blank\" rel=\"noopener\"><span style=\"color: #ff0000;\"><span style=\"text-decoration: underline;\">aqui<\/span>.<\/span><\/a><\/span><\/p>\n<ul style=\"list-style-type: circle;\">\n<li><span style=\"font-size: 12pt;\"><strong>Documentos disponibilizados pelo Minist\u00e9rio da Sa\u00fade<\/strong><\/span><\/li>\n<\/ul>\n<p><span style=\"font-size: 12pt;\">Fluxo de Manejo Cl\u00ednico de Gestantes na Aten\u00e7\u00e3o Especializada, clique <a href=\"https:\/\/www.saude.ms.gov.br\/wp-content\/uploads\/2020\/03\/Fluxo-de-manejo-clinico-de-gestantes.pdf\" target=\"_blank\" rel=\"noopener\"><span style=\"color: #ff0000;\"><span style=\"text-decoration: underline;\">aqui<\/span>.<\/span><\/a><\/span><\/p>\n<p><span style=\"font-size: 12pt;\"><span style=\"font-family: 'Open Sans', sans-serif; font-style: normal; font-weight: 400;\">Nota Informativa n\u00ba 13\/2020 - Manual de Recomenda\u00e7\u00f5es para a Assist\u00eancia \u00e0 Gestante e Pu\u00e9rpera frente \u00e0 Pandemia de COVID-19 , acesse <\/span><span style=\"text-decoration: underline;\"><span style=\"color: #ff0000; text-decoration: underline;\"><a style=\"color: #ff0000; text-decoration: underline;\" href=\"https:\/\/saude.gov.br\/images\/pdf\/2020\/September\/02\/Manual-de-Recomenda----es-para-Gestante.pdf\" target=\"_blank\" rel=\"noopener\">aqui<\/a><\/span><\/span><span style=\"font-family: 'Open Sans', sans-serif; font-style: normal; font-weight: 400;\">.<\/span><\/span><\/p>\n<p><span style=\"font-size: 12pt;\">Nota T\u00e9cnica n\u00ba 5\/2020 - <\/span><span style=\"font-size: 12pt;\">Condutas para a Doa\u00e7\u00e3o de Leite Materno aos <\/span><span style=\"font-size: 12pt;\">Bancos de Leite Humano e Postos de Coleta de Leite Humano no <\/span><span style=\"font-size: 12pt;\">Contexo da Infec\u00e7\u00e3o pelo Coronav\u00edrus (SARS-CoV-2), clique <a href=\"https:\/\/www.conasems.org.br\/wp-content\/uploads\/2020\/03\/notatecnicaaleitamento30mar2020COVID-19.pdf\" target=\"_blank\" rel=\"noopener\"><span style=\"color: #ff0000;\"><span style=\"text-decoration: underline;\">aqui<\/span>.<\/span><\/a><\/span><\/p>\n<p><span style=\"font-size: 12pt;\">Nota T\u00e9cnica n\u00ba 6\/2020 - Aten\u00e7\u00e3o \u00e0s Gestantes no Contexto da Infec\u00e7\u00e3o SARS-COV-2, clique <a href=\"http:\/\/www.enf.ufmg.br\/images\/SEI_MS_-_0014128689_-_Nota_Tecnica.pdf.pdf\" target=\"_blank\" rel=\"noopener\"><span style=\"color: #ff0000;\"><span style=\"text-decoration: underline;\">aqui<\/span>.<\/span><\/a><\/span><\/p>\n<p><span style=\"font-size: 12pt;\"><span style=\"font-family: 'Open Sans', sans-serif; font-style: normal; font-weight: 400;\">Nota T\u00e9cnica n\u00ba 7\/2020 - Aten\u00e7\u00e3o \u00e0s Gestantes no Contexto da Infec\u00e7\u00e3o COVID-19 Causada pelo Novo Coronav\u00edrus (SARS-CoV-2), acesse <a href=\"http:\/\/www.ans.gov.br\/images\/stories\/gestao_em_saude\/parto_adequado\/SEI_MS_-_0014259571_-_Nota_Tecnica__3__COSMU.pdf\" target=\"_blank\" rel=\"noopener\"><span style=\"color: #ff0000;\"><span style=\"text-decoration: underline;\">aqui<\/span>.<\/span><\/a><\/span><\/span><\/p>\n<p style=\"text-align: justify;\"><span style=\"font-size: 12pt;\"><span style=\"font-family: 'Open Sans', sans-serif; font-style: normal; font-weight: 400;\">Nota T\u00e9cnica n\u00ba 9\/2020 - Recomenda\u00e7\u00f5es para o Trabalho de Parto, Parto e Puerp\u00e9rio <\/span><span style=\"font-family: 'Open Sans', sans-serif; font-style: normal; font-weight: 400;\">Durante a <\/span><span style=\"font-family: 'Open Sans', sans-serif; font-style: normal; font-weight: 400;\">Pandemia da COVID-19<\/span><span style=\"font-family: 'Open Sans', sans-serif; font-style: normal; font-weight: 400;\">, acesse <\/span><span style=\"text-decoration: underline;\"><span style=\"color: #ff0000; text-decoration: underline;\"><a style=\"color: #ff0000; text-decoration: underline;\" href=\"https:\/\/portaldeboaspraticas.iff.fiocruz.br\/wp-content\/uploads\/2020\/04\/SEI_MS-0014382931-Nota-Tecnica_9.4.2020_parto.pdf\" target=\"_blank\" rel=\"noopener\">aqui<\/a><\/span><\/span><span style=\"font-family: 'Open Sans', sans-serif; font-style: normal; font-weight: 400;\">.<\/span><\/span><\/p>\n<p style=\"text-align: justify;\"><span style=\"font-size: 12pt;\"><span style=\"font-family: 'Open Sans', sans-serif; font-style: normal; font-weight: 400;\">Nota T\u00e9cnica n\u00ba 10\/2020 - Recomenda\u00e7\u00f5es para as Consultas Ambulatoriais de Sa\u00fade da Mulher Durante a Pandemia da COVID-19, acesse <\/span><a style=\"font-family: 'Open Sans', sans-serif; font-style: normal; font-weight: 400;\" href=\"https:\/\/portaldeboaspraticas.iff.fiocruz.br\/biblioteca\/nota-tecnica-no-10-2020-cosmu-cgcivi-dapes-saps-ms\/\" target=\"_blank\" rel=\"noopener\"><span style=\"text-decoration: underline;\"><span style=\"color: #ff0000; text-decoration: underline;\">aqui<\/span><\/span><\/a><span style=\"font-family: 'Open Sans', sans-serif; font-style: normal; font-weight: 400;\">.\u00a0<\/span><\/span><\/p>\n<p style=\"text-align: justify;\"><span style=\"font-size: 12pt;\">Nota T\u00e9cnica n\u00ba 12\/2020 - \u00a0Infec\u00e7\u00e3o COVID-19 e os Riscos \u00e0s Mulheres no Ciclo Grav\u00eddico-puerperal, acesse <a href=\"https:\/\/portaldeboaspraticas.iff.fiocruz.br\/biblioteca\/nota-tecnica-no-12-2020-cosmu-cgcivi-dapes-saps-ms\/\" target=\"_blank\" rel=\"noopener\"><span style=\"text-decoration: underline;\"><span style=\"color: #ff0000; text-decoration: underline;\">aqui<\/span><\/span><\/a>.\u00a0<\/span><\/p>\n<p style=\"text-align: justify;\"><span style=\"font-size: 12pt;\">Nota T\u00e9cnica n\u00ba 13\/2020 - Recomenda\u00e7\u00f5es\u00a0Acerca da Aten\u00e7\u00e3o Puerperal, Alta Segura e Contracep\u00e7\u00e3o Durante a Pandemia da COVID-19, acesse <a href=\"https:\/\/portaldeboaspraticas.iff.fiocruz.br\/wp-content\/uploads\/2020\/05\/SEI_MS-0014644803-Nota-Te%CC%81cnica-5.pdf\" target=\"_blank\" rel=\"noopener\"><span style=\"text-decoration: underline;\"><span style=\"color: #ff0000; text-decoration: underline;\">aqui<\/span><\/span><\/a>.\u00a0<\/span><\/p>\n<ul style=\"list-style-type: circle;\">\n<li><span style=\"font-size: 12pt;\"><strong>Documentos disponibilizados pela Organiza\u00e7\u00e3o Pan-Americana de Sa\u00fade (OPAS)<\/strong><\/span><\/li>\n<\/ul>\n<p style=\"text-align: justify;\"><span style=\"font-size: 12pt;\">Covid-19 e a Viol\u00eancia contra a Mulher: o\u00a0que o setor\/sistema de sa\u00fade pode fazer, acesse <a href=\"https:\/\/iris.paho.org\/bitstream\/handle\/10665.2\/52016\/OPASBRACOVID1920042_por.pdf?ua=1\" target=\"_blank\" rel=\"noopener\"><span style=\"text-decoration: underline;\"><span style=\"color: #ff0000; text-decoration: underline;\">aqui<\/span><\/span><\/a>.\u00a0<\/span><\/p>\n<p style=\"text-align: justify;\"><span style=\"font-size: 12pt;\">Perguntas e Respostas sobre Covid-19, Viol\u00eancia Contra as Mulheres Durante a Covid-19, acesse <a href=\"https:\/\/opascovid.campusvirtualsp.org\/sites\/opascovid.campusvirtualsp.org\/files\/pr_violencia_contra_as_mulheres.pdf\" target=\"_blank\" rel=\"noopener\"><span style=\"text-decoration: underline;\"><span style=\"color: #ff0000; text-decoration: underline;\">aqui<\/span><\/span><\/a>.\u00a0<\/span><\/p>\n<p><span style=\"font-family: 'Open Sans', sans-serif; font-size: 16px; font-style: normal; font-weight: 400;\"><em>Alerta Epidemiol\u00f3gica: COVID-19 durante el embarazo<\/em>, acesse <a href=\"https:\/\/www.paho.org\/es\/documentos\/alerta-epidemiologica-covid-19-durante-embarazo-13-agosto-2020\" target=\"_blank\" rel=\"noopener\"><span style=\"text-decoration: underline;\"><span style=\"color: #ff0000; text-decoration: underline;\">aqui<\/span><\/span><\/a>. (Texto em espanhol)<\/span><\/p>\n<ul style=\"list-style-type: circle;\">\n<li><span style=\"font-size: 12pt;\"><strong>Documento disponibilizado pela Associa\u00e7\u00e3o Brasileira de Obstetrizes e Enfermeiros Obstetras (ABENFO), Associa\u00e7\u00e3o Brasileira de Enfermagem (ABEN) e Conselho Federal de Enfermagem (COFEN)<\/strong><\/span><\/li>\n<\/ul>\n<p><span style=\"font-size: 12pt;\">Nota T\u00e9cnica aponta Medidas para Conter Mortes Maternas Associadas \u00e0 COVID_19, acesse <a href=\"http:\/\/www.cofen.gov.br\/nota-tecnica-aponta-medidas-para-conter-mortes-maternas-associadas-a-covid-19_81618.html\" target=\"_blank\" rel=\"noopener\"><span style=\"text-decoration: underline;\"><span style=\"color: #ff0000; text-decoration: underline;\">aqui.<\/span><\/span><\/a><\/span><\/p>\n<ul style=\"list-style-type: circle;\">\n<li><span style=\"font-size: 12pt;\"><strong>Documento disponibilizado pela Defensoria P\u00fablica do Estado de S\u00e3o Paulo<\/strong><\/span><\/li>\n<\/ul>\n<p><span style=\"font-size: 12pt;\">Guia sobre Direitos Sexuais e Reprodutivos das Mulheres durante a Pandemia da COVID-19: Contracep\u00e7\u00e3o, Aborto Legal, Gesta\u00e7\u00e3o, Parto e P\u00f3s-parto, acesse <a href=\"file:\/\/\/C:\/Users\/user\/Downloads\/GuiaDireitosSexuaisReprodutivosMulheresCovid.pdf\" target=\"_blank\" rel=\"noopener\"><span style=\"text-decoration: underline;\"><span style=\"color: #ff0000; text-decoration: underline;\">aqui<\/span><\/span><\/a>.\u00a0<\/span><\/p>\n<ul style=\"list-style-type: circle;\">\n<li><span style=\"font-size: 12pt;\"><strong>Artigos Cient\u00edficos<\/strong><\/span><\/li>\n<\/ul>\n<p><span style=\"font-size: 12pt;\">Direitos Humanos das Mulheres no Parto Frente \u00e0 Pandemia de COVID-19: o que Fazer da Enfermagem Obst\u00e9trica, clique <a href=\"file:\/\/\/C:\/Users\/user\/Downloads\/73148-290787-3-PB.pdf\" target=\"_blank\" rel=\"noopener\"><span style=\"color: #ff0000;\"><span style=\"text-decoration: underline;\">aqui<\/span>.<\/span><\/a><\/span><\/p>\n<p><span style=\"font-size: 12pt;\">A Trag\u00e9dia da COVID-19 no Brasil: 124 Mortes Maternas e Contando, acesse clicando <a href=\"https:\/\/obgyn.onlinelibrary.wiley.com\/doi\/abs\/10.1002\/ijgo.13300\" target=\"_blank\" rel=\"noopener\"><span style=\"text-decoration: underline;\"><span style=\"color: #ff0000; text-decoration: underline;\">aqui<\/span><\/span><\/a>.\u00a0<\/span><\/p>\n<p><span style=\"font-size: 12pt;\">Testagem universal de COVID-19 na popula\u00e7\u00e3o obst\u00e9trica: impactos para sa\u00fade p\u00fablica, acesse <a href=\"http:\/\/cadernos.ensp.fiocruz.br\/csp\/artigo\/1137\/testagem-universal-de-covid-19-na-populacao-obstetrica-impactos-para-a-saude-publica\" target=\"_blank\" rel=\"noopener\"><span style=\"text-decoration: underline; color: #ff0000;\">aqui.<\/span><\/a>\u00a0<\/span><\/p>\n<p><span style=\"text-decoration: underline; color: #e67a18;\"><strong><span style=\"font-size: 12pt;\">Sa\u00fade da Crian\u00e7a e Rec\u00e9m-nascido - Aleitamento Materno<\/span><\/strong><\/span><\/p>\n<ul style=\"list-style-type: circle;\">\n<li><span style=\"font-size: 12pt;\"><strong>Documento disponibilizado pela Organiza\u00e7\u00e3o Pan-Americana da Sa\u00fade (OPAS)<\/strong><\/span><\/li>\n<\/ul>\n<p><span style=\"font-size: 12pt;\">Aleitamento Materno e a Doen\u00e7a Causada pelo Novo Coronav\u00edrus (COVID-19), clique <a href=\"file:\/\/\/C:\/Users\/user\/Downloads\/OPASWBRACOVID-1920091_por.pdf\" target=\"_blank\" rel=\"noopener\"><span style=\"text-decoration: underline;\"><span style=\"color: #ff0000; text-decoration: underline;\">aqui.<\/span><\/span><\/a><\/span><\/p>\n<ul style=\"list-style-type: circle;\">\n<li style=\"text-align: justify;\"><span style=\"font-size: 12pt;\"><strong>Documentos disponibilizados pela Rede Brasileira de Bancos de Leite Humano e Minist\u00e9rio da Sa\u00fade<\/strong><\/span><\/li>\n<\/ul>\n<p style=\"text-align: justify;\"><span style=\"font-family: 'Open Sans', sans-serif; font-style: normal; font-weight: 400; font-size: 16px;\">Fluxo de Decis\u00e3o para Amamenta\u00e7\u00e3o no Contexto da COVID-19, acesse <\/span><a style=\"font-family: 'Open Sans', sans-serif; font-style: normal; font-weight: 400; font-size: 16px;\" href=\"https:\/\/portaldeboaspraticas.iff.fiocruz.br\/biblioteca\/fluxo-de-decisao-para-amamentacao-no-contexto-da-covid-19\/\" target=\"_blank\" rel=\"noopener\"><span style=\"text-decoration: underline;\"><span style=\"color: #ff0000; text-decoration: underline;\">aqui<\/span><\/span><\/a><span style=\"font-family: 'Open Sans', sans-serif; font-style: normal; font-weight: 400; font-size: 16px;\">.\u00a0<\/span><\/p>\n<p><span style=\"font-size: 12pt;\">Nota T\u00e9cnica n\u00ba 6\/2020 - Aten\u00e7\u00e3o \u00e0 Sa\u00fade do Rec\u00e9m-nascido no Contexto da iInfec\u00e7\u00e3o pelo Novo Coronav\u00edrus, clique <a href=\"http:\/\/www.crn2.org.br\/crn2\/conteudo\/nt%206.pdf\" target=\"_blank\" rel=\"noopener\"><span style=\"color: #ff0000;\"><span style=\"text-decoration: underline;\">aqui<\/span>.<\/span><\/a><\/span><\/p>\n<p style=\"text-align: justify;\"><span style=\"font-size: 12pt;\">Nota T\u00e9cnica n\u00ba 8\/2020 - Condutas para a Doa\u00e7\u00e3o de Leite Materno aos Bancos de Leite Humano e Postos de Coleta de Leite Humano no Contexto da Infec\u00e7\u00e3o COVID-19 Causada pelo Novo Coronav\u00edrus (SARS-CoV-2), acesse <a href=\"https:\/\/www.unasus.gov.br\/especial\/covid19\/pdf\/96\" target=\"_blank\" rel=\"noopener\"><span style=\"text-decoration: underline;\"><span style=\"color: #ff0000; text-decoration: underline;\">aqui<\/span><\/span>.<\/a>\u00a0<\/span><\/p>\n<p style=\"text-align: justify;\"><span style=\"font-family: 'Open Sans', sans-serif; font-style: normal; font-weight: 400; font-size: 16px;\">Recomenda\u00e7\u00e3o T\u00e9cnica n\u00ba 01\/20.170320 - COVID-19 e Amamenta\u00e7\u00e3o, acesse clicando\u00a0<\/span><a style=\"font-family: 'Open Sans', sans-serif; font-style: normal; font-weight: 400; font-size: 16px;\" href=\"https:\/\/portaldeboaspraticas.iff.fiocruz.br\/biblioteca\/covid-19-e-amamentacao-rblh\/\" target=\"_blank\" rel=\"noopener\"><span style=\"text-decoration: underline;\"><span style=\"color: #ff0000; text-decoration: underline;\">aqui<\/span><\/span><\/a><span style=\"font-family: 'Open Sans', sans-serif; font-style: normal; font-weight: 400; font-size: 16px;\">.<\/span><\/p>\n<ul style=\"list-style-type: circle;\">\n<li><span style=\"font-size: 12pt;\"><strong>Documento disponibilizado pela Sociedade Brasileira de Pediatria<\/strong><\/span><\/li>\n<\/ul>\n<p><span style=\"font-size: 12pt;\">Aleitamento Materno em Tempos de COVID-19: Recomenda\u00e7\u00f5es na Maternidade e Ap\u00f3s a Alta, <span style=\"font-family: 'Open Sans', sans-serif; font-style: normal; font-weight: 400;\">acesse clicando\u00a0<\/span><a style=\"font-family: 'Open Sans', sans-serif; font-style: normal; font-weight: 400;\" href=\"file:\/\/\/C:\/Users\/user\/Downloads\/22467f-NA_-_AleitMat_tempos_COVID-19-_na_matern_e_apos_alta.pdf\" target=\"_blank\" rel=\"noopener\"><span style=\"text-decoration: underline;\"><span style=\"color: #ff0000; text-decoration: underline;\">aqui<\/span><\/span><\/a><span style=\"font-family: 'Open Sans', sans-serif; font-style: normal; font-weight: 400;\">.<\/span><\/span><\/p>\n<p><span style=\"text-decoration: underline; color: #e67a18;\"><strong style=\"font-size: 14px;\"><span style=\"font-size: 12pt;\">Sa\u00fade da Crian\u00e7a e Rec\u00e9m-nascido - Crescimento e Desenvolvimento<\/span><\/strong><\/span><\/p>\n<ul style=\"list-style-type: circle;\">\n<li><span style=\"font-size: 12pt;\"><strong>Documento disponibilizado pela Sociedade Brasileira de Pediatria<\/strong><\/span><\/li>\n<\/ul>\n<p><span style=\"font-size: 12pt;\">COVID-19 em crian\u00e7as: envolvimento respirat\u00f3rio, acesse <span style=\"text-decoration: underline;\"><a href=\"https:\/\/www.sbp.com.br\/fileadmin\/user_upload\/22430d-NA_-_COVID-19_em_criancas-_envolvimento_respiratorio.pdf\" target=\"_blank\" rel=\"noopener\"><span style=\"color: #ff0000; text-decoration: underline;\">aqui<\/span><\/a><\/span>.\u00a0<\/span><\/p>\n<p><span style=\"font-size: 12pt;\">Orienta\u00e7\u00f5es aos Pacientes e Cuidadores de Crian\u00e7as com Asma na Pandemia de COVID-19, acesse <a href=\"https:\/\/www.sbp.com.br\/fileadmin\/user_upload\/DC_Alergia_-_Covid-19.pdf\" target=\"_blank\" rel=\"noopener\"><span style=\"text-decoration: underline;\"><span style=\"color: #ff0000; text-decoration: underline;\">aqui.<\/span><\/span><\/a><\/span><\/p>\n<ul style=\"list-style-type: circle;\">\n<li><span style=\"font-size: 12pt;\"><strong>Documentos disponibilizados pelo Comit\u00ea Cient\u00edfico do N\u00facleo Ci\u00eancia pela Inf\u00e2ncia<\/strong><\/span><\/li>\n<\/ul>\n<p><span style=\"font-size: 12pt;\">Repercuss\u00f5es da Pandemia de COVID-19 no Desenvolvimento Infantil, acesse <a href=\"https:\/\/portaldeboaspraticas.iff.fiocruz.br\/biblioteca\/repercussoes-da-pandemia-de-covid-19-no-desenvolvimento-infantil\/\" target=\"_blank\" rel=\"noopener\"><span style=\"text-decoration: underline;\"><span style=\"color: #ff0000; text-decoration: underline;\">aqui<\/span><\/span><\/a>.\u00a0<\/span><\/p>\n<p><span style=\"font-size: 12pt;\" data-sheets-value=\"{&quot;1&quot;:2,&quot;2&quot;:&quot;Principais Quest\u00f5es sobre COVID-19 no Cuidado Neonatal e no Seguimento do RN de Risco&quot;}\" data-sheets-userformat=\"{&quot;2&quot;:14915,&quot;3&quot;:{&quot;1&quot;:0},&quot;4&quot;:[null,2,16777215],&quot;9&quot;:0,&quot;12&quot;:0,&quot;14&quot;:[null,2,0],&quot;15&quot;:&quot;Oxygen, \\&quot;Helvetica Neue\\&quot;, Helvetica, Arial, sans-serif&quot;,&quot;16&quot;:10}\">Principais Quest\u00f5es sobre COVID-19 no Cuidado Neonatal e no Seguimento do RN de Risco, acesse <a href=\"https:\/\/portaldeboaspraticas.iff.fiocruz.br\/atencao-recem-nascido\/principais-questoes-covid-19-cuidado-neonatal-e-seguimento-do-rn-de-risco\/\" target=\"_blank\" rel=\"noopener\"><span style=\"text-decoration: underline;\"><span style=\"color: #ff0000; text-decoration: underline;\">aqui<\/span><\/span><\/a>.\u00a0<\/span><\/p>\n<p><span style=\"font-size: 12pt;\">COVID-19 e Sa\u00fade da Crian\u00e7a e do Adolescente, acesse <a href=\"https:\/\/portal.fiocruz.br\/sites\/portal.fiocruz.br\/files\/documentos\/covid-19-saude-crianca-adolescente.pdf\" target=\"_blank\" rel=\"noopener\"><span style=\"text-decoration: underline;\"><span style=\"color: #ff0000; text-decoration: underline;\">aqui<\/span><\/span><\/a>.\u00a0<\/span><\/p>\n<ul style=\"list-style-type: circle;\">\n<li><strong><span style=\"font-size: 12pt;\">Documento disponibilizado pela Funda\u00e7\u00e3o Oswaldo Cruz (FIOCRUZ)<\/span><\/strong><\/li>\n<\/ul>\n<p><span style=\"font-size: 12pt;\">Aten\u00e7\u00e3o ao Rec\u00e9m-nascido em Tempos da Pandemia de COVID-19: Recomenda\u00e7\u00f5es para o M\u00e9todo Canguru, acesse <a href=\"https:\/\/portal.fiocruz.br\/sites\/portal.fiocruz.br\/files\/documentos\/rn_covid-19_mc_final.pdf\" target=\"_blank\" rel=\"noopener\"><span style=\"text-decoration: underline;\"><span style=\"color: #ff0000; text-decoration: underline;\">aqui<\/span><\/span><\/a>.\u00a0<\/span><\/p>\n<ul style=\"list-style-type: circle;\">\n<li><span style=\"font-size: 12pt;\"><strong>Documento disponibilizado pela Associa\u00e7\u00e3o de Pediatria de S\u00e3o Paulo<\/strong><\/span><\/li>\n<\/ul>\n<p><span style=\"font-size: 12pt;\">Recomenda\u00e7\u00f5es para cuidados e assist\u00eancia ao rec\u00e9m-nascido com suspeita ou diagn\u00f3stico de COVID-19, acesse <a href=\"https:\/\/www.spsp.org.br\/PDF\/COVID%20Recomenda\u00e7\u00f5es%20DC%20Neo%20SPSP-6abril2020.pdf\" target=\"_blank\" rel=\"noopener\"><span style=\"text-decoration: underline;\"><span style=\"color: #ff0000; text-decoration: underline;\">aqui<\/span><\/span><\/a>.\u00a0<\/span><\/p>\n<ul style=\"list-style-type: circle;\">\n<li><span style=\"font-size: 12pt;\"><strong>Documento disponibilizado pelo Minist\u00e9rio da Mulher, da Fam\u00edlia e dos Direitos Humanos<\/strong><\/span><\/li>\n<\/ul>\n<p><span style=\"font-size: 12pt;\">Enfrentando a Viol\u00eancia <em>on line<\/em> contra Adolescentes no Contexto da Pandemia de COVID-19, clique <a href=\"file:\/\/\/C:\/Users\/user\/Downloads\/68ENFRENTANDO_VIOLENCIA_ONLINE.pdf\" target=\"_blank\" rel=\"noopener\"><span style=\"text-decoration: underline; color: #ff0000;\">aqui.<\/span><\/a>\u00a0<\/span><\/p>\n<\/div>\n<\/div><\/div><\/div><\/div><\/div>","protected":false},"excerpt":{"rendered":"<p>Sa\u00fade da Mulher Documento disponibilizado pela Universidade Federal do Maranh\u00e3o (UFMA) COVID-19 e o ciclo grav\u00eddico-puerperal, clique aqui. Documentos disponibilizados pelo Minist\u00e9rio da Sa\u00fade Fluxo de Manejo Cl\u00ednico de Gestantes na Aten\u00e7\u00e3o Especializada, clique aqui. Nota Informativa n\u00ba 13\/2020 &#8211; Manual de Recomenda\u00e7\u00f5es para a Assist\u00eancia \u00e0 Gestante e Pu\u00e9rpera frente \u00e0 Pandemia de COVID-19 [&hellip;]<\/p>\n","protected":false},"author":1,"featured_media":0,"parent":113,"menu_order":0,"comment_status":"closed","ping_status":"closed","template":"","meta":{"footnotes":""},"jetpack_sharing_enabled":true,"_links":{"self":[{"href":"https:\/\/sites.enf.ufmg.br\/internato-enfermagem-aps\/wp-json\/wp\/v2\/pages\/134"}],"collection":[{"href":"https:\/\/sites.enf.ufmg.br\/internato-enfermagem-aps\/wp-json\/wp\/v2\/pages"}],"about":[{"href":"https:\/\/sites.enf.ufmg.br\/internato-enfermagem-aps\/wp-json\/wp\/v2\/types\/page"}],"author":[{"embeddable":true,"href":"https:\/\/sites.enf.ufmg.br\/internato-enfermagem-aps\/wp-json\/wp\/v2\/users\/1"}],"replies":[{"embeddable":true,"href":"https:\/\/sites.enf.ufmg.br\/internato-enfermagem-aps\/wp-json\/wp\/v2\/comments?post=134"}],"version-history":[{"count":43,"href":"https:\/\/sites.enf.ufmg.br\/internato-enfermagem-aps\/wp-json\/wp\/v2\/pages\/134\/revisions"}],"predecessor-version":[{"id":1047,"href":"https:\/\/sites.enf.ufmg.br\/internato-enfermagem-aps\/wp-json\/wp\/v2\/pages\/134\/revisions\/1047"}],"up":[{"embeddable":true,"href":"https:\/\/sites.enf.ufmg.br\/internato-enfermagem-aps\/wp-json\/wp\/v2\/pages\/113"}],"wp:attachment":[{"href":"https:\/\/sites.enf.ufmg.br\/internato-enfermagem-aps\/wp-json\/wp\/v2\/media?parent=134"}],"curies":[{"name":"wp","href":"https:\/\/api.w.org\/{rel}","templated":true}]}}